7468685 a prime number?
False
Is 3787899539 composite?
True
Is 41700434551 a prime number?
False
Is 673636267 a composite number?
False
Is 1264625339 a composite number?
False
Is 72380481721 composite?
False
Is 425776517 a composite number?
True
Is 1355118449 prime?
True
Is 29525200519 a composite number?
True
Is 21502834853 prime?
True
Is 116048417 a composite number?
True
Is 331724989 a composite number?
True
Is 1126932133 a composite number?
False
Is 92917873 prime?
True
Is 421155541 a prime number?
True
Is 7894424446 prime?
False
Is 18424291429 prime?
True
Is 2557823897 a prime number?
True
Is 3503287097 prime?
False
Is 193342729301 prime?
True
Is 2557560827 a composite number?
True
Is 190344047863 prime?
False
Is 41995929205 a composite number?
True
Is 3474216763 a composite number?
False
Is 3617513257 prime?
False
Is 5110238773 a prime number?
True
Is 391055455381 a composite number?
True
Is 530542201 a prime number?
False
Is 7892225009 a prime number?
True
Is 5430713143 composite?
False
Is 759246769 prime?
True
Is 1147340041 composite?
False
Is 808975291 composite?
True
Is 4010477753 prime?
True
Is 4752348133 a composite number?
True
Is 3293032333 prime?
False
Is 7731332431 a composite number?
False
Is 19035572873 a composite number?
False
Is 497197157 composite?
True
Is 1661899687 prime?
False
Is 1808285131 a prime number?
True
Is 241118629 a composite number?
False
Is 171416565109 a composite number?
True
Is 930673463 a composite number?
False
Is 2803874113 composite?
True
Is 10463065131 a composite number?
True
Is 5235007301 a composite number?
True
Is 3730350905 composite?
True
Is 407563577 a prime number?
False
Is 4320786809 a prime number?
True
Is 845819167 prime?
True
Is 4082028689 a prime number?
False
Is 216157774163 a prime number?
True
Is 17093389 composite?
False
Is 7063671613 a composite number?
True
Is 4215828707 prime?
True
Is 130228799741 prime?
False
Is 8317960163 a composite number?
True
Is 1412585501 prime?
True
Is 76702038521 composite?
False
Is 878628507 composite?
True
Is 989464741 prime?
True
Is 9022470713 a prime number?
True
Is 2605020383 a composite number?
True
Is 10019331983 a prime number?
True
Is 521911499 a composite number?
False
Is 299015051 prime?
False
Is 946733407 a prime number?
False
Is 67806722 a composite number?
True
Is 3800016643 prime?
True
Is 6260810393 prime?
True
Is 1058549429 prime?
False
Is 379262734 a prime number?
False
Is 671726837 composite?
False
Is 28244906507 a composite number?
False
Is 25856643611 composite?
True
Is 344261689 a prime number?
True
Is 4577955937 a composite number?
True
Is 4157842589 composite?
False
Is 647759207 a composite number?
False
Is 15881374781 prime?
False
Is 3016514789 prime?
False
Is 639744109 a prime number?
True
Is 1569510341 prime?
False
Is 9004527209 a composite number?
True
Is 36950290373 a prime number?
True
Is 139101421 a prime number?
False
Is 5760407459 a composite number?
True
Is 1853177017 a composite number?
True
Is 69641057 prime?
False
Is 146259777827 a prime number?
False
Is 1522982371 prime?
True
Is 7205399831 a composite number?
True
Is 283523677 a prime number?
False
Is 610548674 a prime number?
False
Is 192191459 prime?
True
Is 109692438191 a prime number?
False
Is 46399933 a prime number?
False
Is 3686698735 a prime number?
False
Is 5628182383 prime?
True
Is 36239096093 a composite number?
True
Is 470374874 a prime number?
False
Is 272406774097 prime?
False
Is 48563856931 prime?
False
Is 595516283 a composite number?
False
Is 16748214446 a composite number?
True
Is 9823719233 a composite number?
False
Is 161084137483 a composite number?
True
Is 8358604853 a composite number?
False
Is 3154382783 composite?
True
Is 240360073 prime?
False
Is 9247649329 prime?
True
Is 634824373 composite?
False
Is 1633521598 a composite number?
True
Is 1096479863 prime?
True
Is 403160671 prime?
False
Is 183964091 prime?
True
Is 3541712107 composite?
True
Is 2249450653 a composite number?
True
Is 131923419515 prime?
False
Is 10020454499 composite?
True
Is 1654601287 a composite number?
True
Is 34973178173 a composite number?
True
Is 4896824554 a prime number?
False
Is 6523455989 a composite number?
True
Is 1367623927 a prime number?
True
Is 1241354811 a prime number?
False
Is 34528195127 prime?
False
Is 4111386637 prime?
False
Is 3569665097 a composite number?
True
Is 2161449383 a prime number?
True
Is 1368824573 a composite number?
True
Is 88571285981 composite?
True
Is 12173192657 a prime number?
False
Is 2550012793 prime?
False
Is 12191316757 composite?
True
Is 10767084667 composite?
False
Is 34033021619 prime?
True
Is 5515885769 prime?
False
Is 5628312869 a prime number?
False
Is 151534211 prime?
True
Is 180028739 a prime number?
False
Is 13333041383 a prime number?
False
Is 1962625153 prime?
False
Is 4960607141 prime?
False
Is 88583599777 a composite number?
False
Is 57428427866 prime?
False
Is 24426130557 prime?
False
Is 22496891881 a prime number?
True
Is 572514249 a composite number?
True
Is 19847590067 prime?
True
Is 38595840929 prime?
True
Is 83397697 prime?
False
Is 23220143231 a composite number?
True
Is 37291190641 prime?
True
Is 6475619711 a composite number?
True
Is 1832525551 composite?
False
Is 65681191657 prime?
True
Is 1016034907 composite?
True
Is 6462790709 a composite number?
False
Is 151771463137 prime?
False
Is 14071213189 a composite number?
True
Is 111639727 a composite number?
False
Is 4315778837 a composite number?
True
Is 1433047219 composite?
False
Is 11313981031 composite?
False
Is 562313789 composite?
False
Is 8620717871 prime?
True
Is 2324630453 a prime number?
False
Is 35610449855 a prime number?
False
Is 2753872285 a prime number?
False
Is 1201293529 a prime number?
True
Is 250329715 prime?
False
Is 2480364797 a prime number?
True
Is 211943833 a composite number?
False
Is 1146455831 a composite number?
False
Is 4538283389 a prime number?
True
Is 6129194793 composite?
True
Is 1957684471 composite?
False
Is 2227860977 prime?
True
Is 13075076873 composite?
True
Is 44795240279 a composite number?
True
Is 16552108193 composite?
False
Is 8410607101 a prime number?
False
Is 5095056943 a composite number?
False
Is 4681072967 a prime number?
True
Is 13403053099 a composite number?
True
Is 38585784931 a prime number?
False
Is 1892867689 composite?
False
Is 2672121271 a composite number?
True
Is 4590662081 a prime number?
False
Is 538593647 composite?
True
Is 868831709 composite?
False
Is 2994999181 a prime number?
False
Is 287222627 prime?
True
Is 1315085377 a composite number?
False
Is 672378241 a prime number?
False
Is 3271807849 prime?
True
Is 869939803 a prime number?
False
Is 2852310829 a composite number?
False
Is 25956169357 prime?
False
Is 7781670653 a prime number?
True
Is 2313197477 composite?
True
Is 33771406237 prime?
False
Is 10140625811 a prime number?
False
Is 11920576931 a composite number?
True
Is 38209570319 a composite number?
True
Is 5215907519 a prime number?
True
Is 6372078521 prime?
True
Is 19747659689 prime?
False
Is 3817827779 prime?
True
Is 5493881699 prime?
True
Is 695752593 composite?
True
Is 2096416039 composite?
True
Is 12820540027 composite?
True
Is 200498351 prime?
True
Is 72205934737 a prime number?
False
Is 247827142 a composite number?
True
Is 1121346329 a composite number?
True
Is 1068252103 composite?
True
Is 1662563081 composite?
False
Is 138713066483 prime?
True
Is 13340844211 composite?
False
Is 1395907039 composite?
True
Is 1615664051 composite?
True
Is 4257050711 a prime number?
False
Is 60886519 a prime number?
False
Is 20318469019 prime?
True
Is 2590833571 a prime number?
True
Is 10320741809 a prime number?
False
Is 21900470861 a prime number?
False
Is 487928591 prime?
False
Is 11231330191 prime?
True
Is 394287893 a prime number?
False
Is 3470285354 a composite number?
True
Is 2490473081 composite?
True
Is 434210027 a prime number?
True
Is 1518329621 prime?
False
Is 44855035019 composite?
False
Is 25838304511 prime?
True
Is 8142610351 a composite number?
True
Is 82096123321 composite?
False
Is 3865358282 a composite number?
True
Is 141045127487 composite?
True
Is 7503374107 a prime number?
True
Is 86478280277 a composite number?
False
Is 5496722107 prime?
True
Is 33771153077 a compos